 ((-1)/(-2))/(9/2430). Calculate the highest common divisor of 15 and h.
15
Suppose -o = 2*n - 31, 1 = 2*o - 1. Calculate the greatest common divisor of 45 and n.
15
Let m(x) be the second derivative of x**2 + 0 + 11/3*x**3 - 2*x. Let l be m(5). Calculate the greatest common divisor of l and 16.
16
Let q(g) = 21*g**2 + 2*g + 1. Let y be q(-1). Suppose -w = -2*f - 6, 0*f - 2*f = -4*w + 36. What is the highest common divisor of w and y?
10
Suppose -56 = -5*s + s. Let a = -7 + s. Suppose 4*l + l = 315. What is the highest common factor of l and a?
7
Let j be (-4 - -2)/((-4)/10). Calculate the greatest common divisor of j and 5.
5
Let j(t) = -t + 12. Let g = 4 + -4. Let o be j(g). Calculate the highest common divisor of o and 96.
12
Suppose -3*o - 24 = -6. Let v = o - -8. Suppose v*i = 20 + 16. What is the greatest common factor of 2 and i?
2
Suppose 0 = -q + 2*q - 5. What is the greatest common divisor of 25 and q?
5
Suppose t - 4*n - 2 = 0, 5*t + n - 10 + 0 = 0. What is the greatest common factor of t and 16?
2
Let r = -62 - -22. Let q be (2 - 7)*168/r. Calculate the highest common divisor of 147 and q.
21
Let f be -3 + 3 + -2 - -9. Let g = f - -6. Let i(r) = 5*r**3 - 3*r**2 + 2*r + 3. Let h be i(3). Calculate the greatest common factor of g and h.
13
Suppose -5*u + 0*u + 107 = -b, -4*u - 5*b + 103 = 0. What is the greatest common factor of 55 and u?
11
Let c(u) = -u**3 + u**2 + u - 4. Let r be c(-3). Suppose 5*i - 106 - r = 0. What is the highest common divisor of 108 and i?
27
Let q be (-47)/(-3) - 25/(-75). What is the greatest common divisor of 8 and q?
8
Suppose -3*m + 168 = 48. Calculate the highest common factor of m and 5.
5
Let v = 454 - 267. Let a = -1 + 2. Let y be 99/6 + a/2. Calculate the greatest common divisor of y and v.
17
Let g be 1/4*2*0. Let f(m) = 4 + 0*m + m**2 - m + 100 + 2*m. Let o be f(g). Calculate the greatest common factor of 13 and o.
13
Suppose -5*g = -5*s + 35, -g = 3*s - s + 1. What is the greatest common factor of 14 and s?
2
Let q = 7 - 5. Suppose q*i - 17 = i. Suppose 3*x + 0*x = 3*y - 369, x = -2*y + 234. What is the greatest common factor of y and i?
17
Suppose -i - o + 6 = 0, -2*o = 3*o - 20. Suppose 5*s = i*l + 17 - 2, -l + 3*s - 10 = 0. What is the greatest common divisor of 50 and l?
5
Let f = 4 + -4. Suppose f = -3*n + y + 10, 3*y + 4 = -5*n + 2. Let q be n - 1*-9 - 0. What is the highest common divisor of q and 44?
11
Let k(w) = -2*w + 9. Let v be k(-11). Let p be v/2 - (-7)/(-14). Calculate the greatest common factor of 105 and p.
15
Let o = -47 - -61. What is the highest common divisor of o and 7?
7
Let p(a) = 5*a + 51. Let t be p(17). What is the highest common divisor of t and 17?
17
Suppose 23 = 4*p - 3*m - 90, -3*m - 145 = -5*p. Let r = p + 7. Suppose 3*j - r = -3. Calculate the greatest common factor of 4 and j.
4
Let w = 6 + -2. Suppose 3*o - w*o = 0. Let p = o - -2. Calculate the greatest common factor of p and 4.
2
Let u be (5 - 6)*(-4 - 1). Suppose -u = a - 20. Calculate the greatest common factor of 45 and a.
15
Let n(u) = u**3 - 14*u**2 + u + 13. Let q be n(14). Calculate the highest common divisor of 27 and q.
27
Suppose -106 - 132 = -7*d. Calculate the highest common divisor of d and 68.
34
Let t = -95 - -113. What is the greatest common factor of 18 and t?
18
Suppose -3*i + 2*x + 5 = 0, 4*x = 4*i - 3 - 1. Suppose 3*s - 73 = -3*p - 13, -3*s + 58 = 5*p. What is the highest common factor of i and s?
3
Let w(k) = 2*k + 1. Let j be w(7). Let m(q) = -2*q + 1. Let g be m(-1). What is the highest common divisor of g and j?
3
Let l(s) = 3*s**2 + 6*s + 2. Let b be l(-4). What is the highest common factor of 104 and b?
26
Suppose -4*v + 0*v = -8. Suppose v*t + 4 = 34. Calculate the greatest common factor of 3 and t.
3
Let g = -339 + 537. What is the greatest common factor of g and 22?
22
Let n = 21 + -13. Suppose -2*p + 12 = 4*z - n, -2*p - 4 = -4*z. Suppose 2*f + 2*y + 2*y + p = 0, 49 = 3*f - 5*y. What is the highest common factor of f and 64?
8
Suppose 4*i = -10*i + 112. What is the greatest common divisor of 32 and i?
8
Suppose 0*f = f + 2. Let d(s) = 15*s**2 + 3*s + 1. Let m be d(f). Suppose -110 + 176 = 3*b. Calculate the greatest common divisor of b and m.
11
Suppose -13 = 4*v + 7. Let y = -3 - v. Suppose 4*s - 24 = -y*m, 0 = -s - 2 + 3. Calculate the highest common divisor of m and 4.
2
Suppose 3*x - x = 10. Let w(u) = -u**2 - 3. Let g be w(4). Let l = g + 24. Calculate the highest common divisor of l and x.
5
Suppose 2*n = -3*c + 31, 0 = 2*c - 5*n + 2*n - 38. Let d = -8 + c. What is the highest common factor of d and 10?
5
Let v(k) = 2*k**2 - k + 1. Let l be 2/(-7) - (-23)/7. Let s be v(l). Suppose 3*f = -f + 576. What is the greatest common factor of f and s?
16
Let s = -148 + 293. Calculate the greatest common divisor of 58 and s.
29
Let y = 7 + -4. Suppose -2*s = y*t - 6*t - 53, 5*s - 5*t - 145 = 0. Calculate the greatest common divisor of 17 and s.
17
Let i(s) = -s**3 - 11*s**2 - 2*s - 11. Let b be i(-11). Calculate the greatest common divisor of b and 44.
11
Let q = 56 - 45. What is the greatest common divisor of q and 1?
1
Let r be (-114)/(-8) + (-2)/8. Let d be 0 + 0 + (-35)/(-5). What is the greatest common factor of d and r?
7
Let w = 11 - 18. Let q = w + 27. Calculate the greatest common factor of 5 and q.
5
Suppose -5*n - 23 = 2*o, 4*o + 22 = n - 3*n. Let j(q) = -q**3 - q**2 - 2. Let m be j(n). Calculate the highest common factor of m and 64.
16
Suppose h = 2*p - 127, h = -2 + 1. What is the highest common factor of 7 and p?
7
Let j = 5 + -3. What is the greatest common divisor of 2 and j?
2
Suppose 6*d + 3*d = 36. Calculate the greatest common factor of 92 and d.
4
Let b = 81 + -11. What is the greatest common divisor of b and 20?
10
Let k be 3/((-2)/(12/(-9))). Let y = k - -46. What is the greatest common factor of y and 32?
16
Suppose 0 = a - 2*a + 38. What is the greatest common divisor of 19 and a?
19
Suppose 2 - 24 = -j. What is the highest common factor of j and 110?
22
Let t(b) = b**2 + b - 4. Let i be t(-4). Calculate the greatest common factor of 40 and i.
8
Let t(a) = 2*a**2 - 7*a - 11. Let b be t(9). What is the highest common factor of b and 8?
8
Suppose 4*q - j + 32 = 0, -q = -2*q - 4*j + 9. Let r = 1 - q. Suppose 5*k - 476 = -156. What is the greatest common factor of k and r?
8
Let x = -6 - -9. Suppose -8 = -s - x*s. Suppose 4*z - 28 = -2*j + 6*j, -3*z + 13 = 5*j. Calculate the greatest common divisor of s and z.
2
Suppose -3*p - 20 = -8*p. Let i be (-102)/(-27) - (-4)/18. Calculate the greatest common divisor of p and i.
4
Let q(u) = -u**3 - 3*u**2 + u - 1. Let k be q(-5). Let p be (-104)/(-39)*(-33)/(-2). Suppose -c + p = -k. What is the highest common factor of 11 and c?
11
Let l(s) = 0 - 34*s + 37*s - 1. Let x be l(6). What is the highest common divisor of x and 17?
17
Let j = -1 + 1. Suppose j = -5*q - 0*q + 60. Calculate the greatest common factor of q and 12.
12
Let g be (-6)/(4/(-2)) - -12. What is the highest common divisor of 30 and g?
15
Let g be 40/((-3)/(-1 - 2)). Let t be -18 + 1 + 0 - -2. Let x be t/6*12*-2. Calculate the highest common factor of g and x.
20
Suppose 5*u = 3*u + 4. What is the greatest common divisor of u and 2?
2
Let o be (21 - 0) + 0/(-3). Let c = -11 + o. Let a = -170 - -172. Calculate the highest common factor of a and c.
2
Let p(v) = 16*v**2 - v. Let h be p(-1). Calculate the greatest common factor of h and 51.
17
Let t(d) = d + 12. Let p = 9 + -9. Let u be t(p). What is the highest common factor of 96 and u?
12
Suppose -216 = -10*m + 6*m. Suppose -2*r = -5*r + m. Calculate the greatest common divisor of 6 and r.
6
Let q be 141/11 - (-2)/11. Let c = q - 18. Let m be (2/c)/(4/(-60)). What is the greatest common divisor of 42 and m?
6
Let v be (-13)/26 + (-38)/(-4). What is the highest common factor of 63 and v?
9
Suppose 0 = p - 2*p + 27. Let l = -19 + p. Suppose c = -v + 42, 2*c - 2*v = 3*v + 70. What is the highest common divisor of c and l?
8
Suppose 3*g = 9, 2*q + 7*g - 16 = 3*g. Let x(i) = i**2 + 6*i + 5. Let r be x(-6). Calculate the greatest common divisor of q and r.
1
Let r be (-4)/2*(-396)/8. Let n = 2 - 6. Let u be (n/6)/(4/(-54)). Calculate the greatest common divisor of r and u.
9
Let u(s) = 16*s**3 + 2*s - 1. L